rime factors of 61377124?
2, 15344281
What are the prime factors of 668492443?
8069, 82847
List the prime factors of 872007150.
2, 3, 5, 7, 830483
What are the prime factors of 1255825072?
2, 4649, 16883
List the prime factors of 1140061492.
2, 285015373
List the prime factors of 2459598421.
7, 37, 761, 12479
What are the prime factors of 2308830617?
31, 509, 146323
What are the prime factors of 98877544?
2, 12359693
List the prime factors of 1017161826.
2, 3, 197, 860543
What are the prime factors of 1102663281?
3, 157, 2341111
List the prime factors of 92878579.
71, 479, 2731
List the prime factors of 134433412.
2, 5471, 6143
What are the prime factors of 28318844?
2, 7079711
What are the prime factors of 60648696?
2, 3, 59, 4759
List the prime factors of 193745499.
3, 64581833
What are the prime factors of 42387532?
2, 11, 883, 1091
List the prime factors of 88776452.
2, 22194113
What are the prime factors of 204162623?
7, 79, 369191
What are the prime factors of 2982908116?
2, 19, 83, 487, 971
What are the prime factors of 379386220?
2, 5, 2393, 7927
List the prime factors of 125484283.
125484283
List the prime factors of 104862144.
2, 3, 29, 37, 509
List the prime factors of 71812142.
2, 89, 403439
List the prime factors of 712601395.
5, 11, 12956389
List the prime factors of 885745475.
5, 17, 2084107
What are the prime factors of 334536018?
2, 3, 37, 59, 25541
What are the prime factors of 43012632?
2, 3, 13, 89, 1549
What are the prime factors of 72989792?
2, 19, 120049
List the prime factors of 437352781.
41, 59, 180799
What are the prime factors of 186690280?
2, 5, 7, 666751
What are the prime factors of 307283963?
7, 43897709
What are the prime factors of 51029356?
2, 7, 1822477
What are the prime factors of 8963948942?
2, 13, 59, 71, 487
What are the prime factors of 1022537868?
2, 3, 11, 41, 188939
List the prime factors of 2398773782.
2, 313, 3831907
List the prime factors of 2497641875.
5, 23, 293, 593
What are the prime factors of 429938874?
2, 3, 17, 41, 11423
What are the prime factors of 190323547?
43, 4426129
List the prime factors of 29201321.
29201321
What are the prime factors of 14213247?
3, 4737749
List the prime factors of 934035315.
3, 5, 2039, 30539
List the prime factors of 23439066.
2, 3, 7, 229, 2437
What are the prime factors of 230164906?
2, 7537, 15269
List the prime factors of 146948633.
13, 23, 41, 11987
What are the prime factors of 289376752?
2, 7, 67, 787
What are the prime factors of 172203219?
3, 167, 181, 211
What are the prime factors of 75377691?
3, 8375299
What are the prime factors of 4291689399?
3, 331, 1543, 2801
What are the prime factors of 155958285?
3, 5, 7, 23, 64579
List the prime factors of 297515911.
7, 11, 3863843
List the prime factors of 231410549.
647, 357667
List the prime factors of 181616056.
2, 439, 51713
What are the prime factors of 191326339?
67, 2855617
What are the prime factors of 85615211?
11, 31, 251071
What are the prime factors of 410566251?
3, 41, 3337937
List the prime factors of 697627487.
17, 1861, 22051
List the prime factors of 823144878.
2, 3, 45730271
What are the prime factors of 17612614?
2, 127, 69341
What are the prime factors of 2792146?
2, 7, 53, 71
What are the prime factors of 1091455199?
17, 4583, 14009
List the prime factors of 91158810.
2, 3, 5, 3038627
List the prime factors of 54731968.
2, 855187
List the prime factors of 770723842.
2, 7, 79, 99551
List the prime factors of 29185335.
3, 5, 648563
List the prime factors of 102131190.
2, 3, 5, 7, 23159
What are the prime factors of 257397470?
2, 5, 11, 2339977
List the prime factors of 6580699.
631, 10429
List the prime factors of 75518975.
5, 7, 439, 983
What are the prime factors of 1887270626?
2, 131, 137, 52579
What are the prime factors of 39945610?
2, 5, 3994561
What are the prime factors of 5266963?
13, 379, 1069
What are the prime factors of 80514586?
2, 59, 682327
What are the prime factors of 73009652?
2, 18252413
What are the prime factors of 121643881?
7879, 15439
List the prime factors of 5979765332.
2, 2477, 603529
What are the prime factors of 37756074?
2, 3, 109, 57731
List the prime factors of 38571660.
2, 3, 5, 71429
What are the prime factors of 213647189?
7, 30521027
List the prime factors of 1303370050.
2, 5, 137, 149, 1277
What are the prime factors of 72692694?
2, 3, 1346161
List the prime factors of 27898037.
17, 37, 2609
What are the prime factors of 1797918696?
2, 3, 7, 3567299
What are the prime factors of 536013163?
7, 197, 388697
List the prime factors of 8519250.
2, 3, 5, 37, 307
List the prime factors of 468500845.
5, 37, 2532437
List the prime factors of 43853070.
2, 3, 5, 1461769
What are the prime factors of 1393622812?
2, 11483, 30341
What are the prime factors of 335576251?
335576251
List the prime factors of 382408108.
2, 827, 115601
List the prime factors of 310472185.
5, 509, 121993
List the prime factors of 2298766775.
5, 17, 19, 14983
What are the prime factors of 1688962901?
43, 39278207
List the prime factors of 2371849635.
3, 5, 3499, 45191
List the prime factors of 901388119.
53, 17007323
List the prime factors of 76597027.
13, 317, 18587
What are the prime factors of 120276318?
2, 3, 20046053
List the prime factors of 56047531.
56047531
What are the prime factors of 58180296?
2, 3, 211, 11489
List the prime factors of 69938885.
5, 13987777
List the prime factors of 796314223.
107, 7442189
What are the prime factors of 1326653469?
3, 147405941
List the prime factors of 6634957323.
3, 2211652441
What are the prime factors of 151787807?
43, 3529949
List the prime factors of 10275796.
2, 43, 59743
What are the prime factors of 767716476?
2, 3, 61, 1048793
List the prime factors of 3875827485.
3, 5, 149, 1734151
List the prime factors of 1752640998.
2, 3, 47, 6215039
List the prime factors of 55189644.
2, 3, 37, 124301
What are the prime factors of 4158661026?
2, 3, 13, 359, 148513
List the prime factors of 2645614005.
3, 5, 211, 835897
What are the prime factors of 4541437?
19, 239023
List the prime factors of 4221895383.
3, 4751, 98737
What are the prime factors of 250425391?
2087, 119993
List the prime factors of 149770480.
2, 5, 23, 3539
What are the prime factors of 121590226?
2, 60795113
What are the prime factors of 465713304?
2, 3, 7, 1327, 2089
List the prime factors of 86665102.
2, 2999, 14449
What are the prime factors of 46886644?
2, 7, 1674523
List the prime factors of 3893710411.
23, 6659, 25423
What are the prime factors of 1238885852?
2, 309721463
List the prime factors of 254189413.
443, 573791
What are the prime factors of 107100644?
2, 7, 19, 37, 5441
What are the prime factors of 412578899?
17, 23, 1055189
List the prime factors of 204040975.
5, 83, 107, 919
What are the prime factors of 153425576?
2, 2713, 7069
What are the prime factors of 750741098?
2, 8699, 43151
What are the prime factors of 35802298?
2, 7, 29, 163, 541
List the prime factors of 7375886523.
3, 307, 2669521
What are the prime factors of 132951244?
2, 3491, 9521
What are the prime factors of 2545844?
2, 7, 31, 419
What are the prime factors of 82206215?
5, 7, 13, 79, 2287
List the prime factors of 435886996.
2, 108971749
List the prime factors of 334714674.
2, 3, 7, 7969397
List the prime factors of 373985757.
3, 1303, 31891
What are the prime factors of 44427442?
2, 179, 193, 643
What are the prime factors of 154048888?
2, 7, 173, 15901
What are the prime factors of 271216267?
7, 38745181
List the prime factors of 53290745.
5, 10658149
List the prime factors of 47775645.
3, 5, 79, 89, 151
What are the prime factors of 65635196?
2, 11, 19, 78511
List the prime factors of 15157947.
3, 7, 53, 13619
What are the prime factors of 4360875?
3, 5, 29, 401
What are the prime factors of 264143459?
264143459
List the prime factors of 292686942.
2, 3, 79, 659, 937
What are the prime factors of 105320639?
105320639
What are the prime factors of 91294524?
2, 3, 2535959
What are the prime factors of 1507410625?
5, 7, 127, 2713
List the prime factors of 50792711.
499, 101789
List the prime factors of 76970473.
43, 467, 3833
What are the prime factors of 225975338?
2, 112987669
What are the prime factors of 103526811?
3, 131, 277, 317
List the prime factors of 402622073.
7, 8216777
Wh